-6
Let r(s) = -18*s + 1. Calculate r(2).
-35
Let x(k) = k**2 - 81*k - 251. Calculate x(84).
1
Let n(u) = 6*u + 41. Calculate n(14).
125
Let s(m) = -7*m**3 + m + 1. Calculate s(-1).
7
Let n(w) = -w**3 - 4*w**2 - 8*w - 3. Calculate n(-3).
12
Let g(a) = -a**2 + 11*a + 21. Determine g(14).
-21
Let c(p) = -2*p**3 + 4*p**2 - 3*p. Calculate c(1).
-1
Let j(k) = 4*k**2 - 3*k + 5. Determine j(3).
32
Let l(k) = -2*k**2 - 7*k - 13. Determine l(-4).
-17
Let w(d) = d**3 - 8*d**2 - d. Give w(8).
-8
Let s(r) = r**3 + 12*r**2 - 11*r + 6. What is s(-13)?
-20
Let s(i) = i**3 - 12*i**2 + 13*i - 17. What is s(11)?
5
Let w(p) = -p**3 - 12*p**2 - 13*p - 5. Determine w(-11).
17
Let b(l) = -3*l**2 - 3*l + 1. What is b(2)?
-17
Let l(s) = -s**2 - 3*s + 1. Determine l(6).
-53
Let o(p) = -3*p + 1. Calculate o(6).
-17
Let c(i) = i**3 - 3*i**2 - 12*i + 4. Calculate c(5).
-6
Let b(p) = 66*p**3 - p**2 + p. Calculate b(1).
66
Let z(t) = -t**2 + 13*t + 48. Determine z(14).
34
Let s(l) = 2*l - 14. Calculate s(9).
4
Let j(z) = -5*z + 19. Give j(3).
4
Let l(j) = 5*j - 49. Determine l(9).
-4
Let n(a) = -8*a - 9. Give n(11).
-97
Let m(z) = z**2 - 8*z - 31. Calculate m(11).
2
Let u(q) = -q - 1. What is u(6)?
-7
Let j(m) = m**3 - 19*m**2 + 63*m - 7. What is j(15)?
38
Let t(p) = -2*p**2 + 2*p + 6. What is t(-4)?
-34
Let s(h) = 5*h**3 + 5*h**2 - 7*h - 1. Determine s(-3).
-70
Let w(a) = -6*a - 209. Give w(-35).
1
Let w(o) = o**3 + 9*o**2 + 11*o + 30. Determine w(-8).
6
Let t(s) = 4*s**2 + 31*s - 20. Calculate t(-8).
-12
Let b(q) = -28*q + 2. What is b(1)?
-26
Let z(b) = b**3 + b**2 - 2*b + 7. Give z(-3).
-5
Let k(q) = -q**3 + q**2 - 4*q + 47. Determine k(0).
47
Let h(v) = -8*v + 3. Give h(0).
3
Let a(x) = -x**3 - 2*x**2 - 2. Give a(-2).
-2
Let k(v) = -v**2 - 10*v - 11. Calculate k(-10).
-11
Let n(y) = 5*y + 2. Calculate n(-1).
-3
Let j(w) = -w**2 + 13*w - 4. Give j(0).
-4
Let x(p) = -14*p + 168. Give x(14).
-28
Let x(p) = -p**2 + 6*p + 5. Determine x(6).
5
Let c(i) = -i**2 - 25*i + 51. Give c(-27).
-3
Let l(x) = 2*x + 13. Determine l(0).
13
Let t(j) = -118*j**2. What is t(1)?
-118
Let q(l) = 2*l**2 + 25*l + 9. What is q(-12)?
-3
Let q(z) = -z**3 - 12*z**2 - 9*z + 23. Determine q(-11).
1
Let o(w) = w**3 + 32*w**2 - 418*w - 18. Calculate o(10).
2
Let q(j) = 5*j - 132. Give q(29).
13
Let w(t) = 9*t - 14. Calculate w(6).
40
Let w(l) = l**3 + 2*l**2 + 6*l - 3. Give w(0).
-3
Let z(s) = -4*s**2 - 90*s + 2. Give z(-22).
46
Let b(x) = -x**3 - 6*x**2 - x - 1. Determine b(-6).
5
Let m(n) = -n**2 + 11*n + 43. Calculate m(14).
1
Let u(i) = 4*i + 10. Calculate u(6).
34
Let k(j) = -j**2 - 6*j. What is k(-5)?
5
Let i(o) = o**2 + 8*o + 4. Calculate i(-5).
-11
Let d(z) = z**3 - 2*z - 1. Give d(-1).
0
Let i(a) = -2*a + 155. Give i(26).
103
Let j(y) = y**3 + 6*y**2 - 27*y + 1. Calculate j(3).
1
Let d(h) = 14*h + 69. What is d(-5)?
-1
Let j(m) = -m**2 - 9*m - 10. Determine j(-9).
-10
Let m(w) = -44*w + 361. Give m(8).
9
Let a(l) = -5*l - 5. What is a(-4)?
15
Let j(b) = -b**3 + b**2 - b + 2. Give j(1).
1
Let o(k) = -k**3 - 2*k**2 + 35*k + 16. Give o(5).
16
Let w(v) = 7*v**2 + 43*v + 12. Determine w(-6).
6
Let r(q) = -9*q**2 - 4*q + 3. Determine r(1).
-10
Let u(z) = 4*z - 9. What is u(3)?
3
Let t(p) = 3*p - 79. What is t(18)?
-25
Let l(y) = y + 1. What is l(8)?
9
Let k(j) = -j**2 - 9*j + 56. Determine k(-14).
-14
Let n(t) = -t**2 + 20. Determine n(4).
4
Let g(i) = -49*i - 347. Give g(-7).
-4
Let t(j) = -j**3 + 2*j**2 + 2*j + 1. What is t(3)?
-2
Let h(i) = -i**3 - 7*i**2 - 2*i - 2. Determine h(-7).
12
Let z(l) = -l**3 + 12*l**2 + 2*l + 4. Give z(12).
28
Let p(v) = -3*v + 107. What is p(33)?
8
Let l(f) = -f**3 - 8*f**2 + 20*f + 8. Determine l(-10).
8
Let i(z) = z + 3. Give i(-13).
-10
Let g(c) = -2*c + 15. Calculate g(-2).
19
Let f(q) = -q**2 + q + 25. Give f(-5).
-5
Let k(c) = -3*c - 11. Give k(-7).
10
Let b(y) = y**3 + 4*y**2 + 3*y + 1. Determine b(-3).
1
Let u(h) = -h**2 - h - 4. What is u(0)?
-4
Let f(x) = x**2 + 2*x - 30. What is f(-6)?
-6
Let d(w) = 2*w**2 - 23*w + 9. Calculate d(10).
-21
Let f(t) = t**3 - 9*t**2 + 10*t + 3. Calculate f(7).
-25
Let w(r) = -4*r - 57. Calculate w(-17).
11
Let y(p) = 7*p**2 + 2*p - 3. Determine y(1).
6
Let l(p) = p**2 + 11*p + 11. Determine l(-12).
23
Let b(p) = -28*p - 110. Calculate b(-6).
58
Let i(q) = -q**2 + 29*q + 212. Determine i(-6).
2
Let g(l) = l**3 + 6*l**2 + 2*l + 7. Give g(-6).
-5
Let z(r) = -r**3 + 2*r**2 + 7*r - 25. Give z(5).
-65
Let x(k) = k**3 + 13*k**2 + 7*k + 8. What is x(-12)?
68
Let o(b) = b**3 - 6*b**2 - 4*b - 1. Determine o(6).
-25
Let j(w) = -w**3 - 20*w**2 + w + 35. Determine j(-20).
15
Let s(x) = x**2 - 7*x - 11. Determine s(-5).
49
Let c(z) = z**2 - 9*z + 1. Determine c(7).
-13
Let l(t) = 8*t. Give l(3).
24
Let t(x) = -14*x - 61. What is t(-4)?
-5
Let i(x) = x**3 + 13*x**2 + 16*x + 13. Give i(-10).
153
Let m(i) = -11*i - 18. Give m(1).
-29
Let w(k) = -k**3 - 11*k**2 - 6*k + 17. Determine w(-8).
-127
Let i(s) = 9*s - 12. Determine i(9).
69
Let d(f) = f + 17. What is d(13)?
30
Let z(n) = -n + 9. Give z(7).
2
Let d(m) = m**3 + 3*m**2 - 5*m - 8. Calculate d(-4).
-4
Let j(g) = -2*g**2 + 7*g - 6. Determine j(3).
-3
Let s(n) = -6*n + 9. What is s(3)?
-9
Let n(a) = -a**3 + 7*a**2 + 12*a - 1. What is n(8)?
31
Let b(y) = 10*y**3 + y**2 - 17*y + 16. Give b(1).
10
Let y(z) = 3*z + 18. What is y(-4)?
6
Let x(w) = 3*w - 6. Determine x(4).
6
Let g(y) = -y**3 + 8*y**2 + 29*y - 4. Give g(10).
86
Let g(s) = -2*s - 7. Give g(-3).
-1
Let k(j) = -j**3 + 6*j**2 - 4*j + 1. Give k(4).
17
Let r(u) = u**3 + 13*u**2 - 7*u + 39. Give r(-14).
-59
Let k(l) = -l**2 + l - 1. Determine k(5).
-21
Let v(f) = -f**2 + 5. What is v(6)?
-31
Let q(c) = -c**2 + 6*c + 29. Determine q(-5).
-26
Let k(d) = -184*d - 736. Determine k(-4).
0
Let l(u) = -u**3 + u**2 - 2*u - 2. What is l(0)?
-2
Let v(b) = -3*b**3 - 17*b**2 - 8*b + 7. Calculate v(-5).
-3
Let n(d) = -d + 2. Determine n(-5).
7
Let t(w) = -w**3 - 9*w**2 - 5*w + 9. What is t(-8)?
-15
Let n(j) = j**3 + 2*j**2 - 2*j + 2. Calculate n(2).
14
Let y(v) = 3*v + 18. Calculate y(-3).
9
Let q(x) = -8*x**2 - x. Calculate q(1).
-9
Let a(o) = o**3 - 21*o**2 + 6. Determine a(21).
6
Let p(z) = -z**2 - 14*z - 26. Give p(-12).
-2
Let j(r) = 39*r**2 - 14*r + 14. Calculate j(1).
39
Let p(z) = -10*z - 6. What is p(-4)?
34
Let j(f) = 3*f**2 - 14*f + 14. Calculate j(6).
38
Let u(q) = -20*q + 303. Calculate u(15).
3
Let d(n) = -n**3 + 32*n**2 + 145*n - 1. What is d(-4)?
-5
Let g(v) = v**2 + 4*v - 38. Determine g(8).
58
Let z(g) = g**3 + 7*g**2 + 3*g. Calculate z(-7).
-21
Let r(i) = 5*i**2 + 4*i + 2. Calculate r(-2).
14
Let g(a) = -5*a**3 - 33*a**2 - 7*a + 2. Calculate g(-6).
-64
Let p(n) = 2*n**3 + 4*n**2 - 4*n + 8. What is p(-3)?
2
Let l(y) = y**3 + y**2 + 2*y - 9. Give l(0).
-9
Let c(b) = 39*b - 156. Calculate c(4).
0
Let y(b) = -b**2 + 9*b - 2. Determine y(8).
6
Let x(z) = -8*z + 278. Calculate x(35).
-2
Let x(t) = t**2 + 7*t + 6. What is x(-9)?
24
Let q(i) = 2*i**2 + 9*i - 7. What is q(-5)?
-2
Let v(w) = -62*w**2 + 2*w + 1. Calculate v(-1).
-63
Let v(o) = -o**3 - 4*o**2 + 5*o + 3. Give v(-5).
3
Let j(l) = -l + 8. What is j(9)?
-1
Let l(o) = 52*o**3 - 2*o**2 - 5*o - 3. Determine l(-1).
-52
Let o(v) = -2*v - 3. Calculate o(1).
-5
Let x(d) = -d**3 + 4*d**2 + 4*d - 26. Give x(6).
-74
Let z(c) = c**2 + 6*c + 7. Determine z(-3).
-2
Let y(p) = -27*p**3 - p**2 + p + 1. What is y(-1)?
26
Let a(o) = o**2 + 2*o - 2. Give a(-3).
1
Let u(c) = 18*c + 37. Calculate u(-2).
1
Let a(m) = -m + 14. Determine a(6).
8
Let y(q) = 8*q**2 - q - 3. Calculate y(-1).
6
Let r(w) = -7*w**2 + 109*w + 43. Determine r(16).
-5
Let a(g) = g**3 - g + 29. Give a(0).
29
Let v(z) = -z**2 - 3*z + 16. Determine v(3).
-2
Let r(p) = -5*p + 103. Determine r(24).
-17
Let y(a) = a**3 - 10*a - 7. Give y(0).
-7
Let m(k) = -14*k - 2. Give m(-3).
40
Let o(x) = 9*x - 47. Determine o(7).
16
Let o(a) = -14*a + 8. Determine o(-2).
36
Let b(s) = -s**3 - 21*s**2 + 22*s + 7. What is b(-22)?
7
Let m(k) = k - 13. Calculate m(9).
-4
Let g(v) = -v**3 + 9*v**2 - 14*v - 6. What is g(7)?
-6
Let g(w) = 9*w - 64. What is g(8)?
8
Let a(f) = f**3 + 9*f**2 - 9*f + 3. What is a(-10)?
-7
Let s(y) = -6*y - 19. What is s(-5)?
11
Let z(r) = -3*r**2 + 2*r - 2. Determine z(1).
-3
Let q(i) = -3*i + 9. Determine q(8).
-15
Let